en thousands digit of 4834861197?
6
What is the units digit of 396754511?
1
What is the hundreds digit of 368054636?
6
What is the ten millions digit of 15798488?
1
What is the units digit of 105295342?
2
What is the hundred thousands digit of 62184184?
1
What is the hundred thousands digit of 62522991?
5
What is the thousands digit of 896240357?
0
What is the units digit of 32653342?
2
What is the hundreds digit of 99604389?
3
What is the thousands digit of 1629108062?
8
What is the ten millions digit of 533490161?
3
What is the tens digit of 4538857950?
5
What is the millions digit of 797308501?
7
What is the ten thousands digit of 3085333?
8
What is the hundreds digit of 3068118658?
6
What is the hundred thousands digit of 49481543?
4
What is the ten millions digit of 15863335?
1
What is the ten millions digit of 211180448?
1
What is the millions digit of 2037106544?
7
What is the ten millions digit of 3148382474?
4
What is the hundred millions digit of 546146901?
5
What is the tens digit of 2348805992?
9
What is the ten thousands digit of 375381975?
8
What is the hundreds digit of 3320831122?
1
What is the hundred thousands digit of 46665471?
6
What is the hundreds digit of 1941902793?
7
What is the thousands digit of 2161111417?
1
What is the tens digit of 2676502280?
8
What is the thousands digit of 7434867?
4
What is the thousands digit of 85533303?
3
What is the millions digit of 372629624?
2
What is the hundred thousands digit of 121604088?
6
What is the hundred thousands digit of 44906649?
9
What is the tens digit of 3288189908?
0
What is the hundreds digit of 3794161194?
1
What is the tens digit of 627233721?
2
What is the units digit of 356952793?
3
What is the tens digit of 96726946?
4
What is the thousands digit of 18512020?
2
What is the tens digit of 79769358?
5
What is the hundreds digit of 789032560?
5
What is the ten millions digit of 142927509?
4
What is the ten millions digit of 176158961?
7
What is the billions digit of 1168398436?
1
What is the thousands digit of 5726796516?
6
What is the hundred thousands digit of 645487018?
4
What is the thousands digit of 282617776?
7
What is the hundreds digit of 187350352?
3
What is the units digit of 524667810?
0
What is the hundreds digit of 2574150324?
3
What is the thousands digit of 2300666586?
6
What is the ten millions digit of 281717795?
8
What is the millions digit of 70768946?
0
What is the billions digit of 1120346501?
1
What is the hundred thousands digit of 1772869?
7
What is the ten millions digit of 57616637?
5
What is the billions digit of 1831010715?
1
What is the units digit of 85056775?
5
What is the units digit of 135883726?
6
What is the hundred millions digit of 362759970?
3
What is the hundreds digit of 781644438?
4
What is the billions digit of 1433495657?
1
What is the tens digit of 622530?
3
What is the hundred millions digit of 293388146?
2
What is the hundred millions digit of 120853160?
1
What is the hundred thousands digit of 15110580?
1
What is the units digit of 51965582?
2
What is the ten thousands digit of 6189427300?
2
What is the millions digit of 45012691?
5
What is the hundred thousands digit of 4697814548?
8
What is the hundred thousands digit of 49457960?
4
What is the units digit of 780024870?
0
What is the hundred thousands digit of 32159078?
1
What is the hundred thousands digit of 2755953466?
9
What is the ten thousands digit of 176327381?
2
What is the ten thousands digit of 3092662?
9
What is the billions digit of 3932389450?
3
What is the tens digit of 673876591?
9
What is the ten millions digit of 660974267?
6
What is the hundred thousands digit of 191298767?
2
What is the hundred thousands digit of 37901432?
9
What is the hundreds digit of 991126998?
9
What is the units digit of 11245403?
3
What is the ten thousands digit of 25882284?
8
What is the hundred millions digit of 253737004?
2
What is the hundreds digit of 322523832?
8
What is the hundred thousands digit of 9152717?
1
What is the ten millions digit of 772934432?
7
What is the ten thousands digit of 1071625801?
2
What is the ten millions digit of 6192955069?
9
What is the ten millions digit of 215805690?
1
What is the hundred millions digit of 518869366?
5
What is the thousands digit of 6235991610?
1
What is the tens digit of 216284103?
0
What is the hundred thousands digit of 55361236?
3
What is the ten millions digit of 83167537?
8
What is the units digit of 83219937?
7
What is the tens digit of 460213048?
4
What is the hundred thousands digit of 2087250730?
2
What is the hundreds digit of 927724345?
3
What is the hundred thousands digit of 327990512?
9
What is the ten millions digit of 1871885676?
7
What is the thousands digit of 84515039?
5
What is the hundreds digit of 322752832?
8
What is the hundred thousands digit of 1337114786?
1
What is the tens digit of 82672998?
9
What is the tens digit of 944771565?
6
What is the millions digit of 5709231788?
9
What is the millions digit of 366628213?
6
What is the millions digit of 1035453270?
5
What is the thousands digit of 37201412?
1
What is the hundreds digit of 221279795?
7
What is the millions digit of 549414113?
9
What is the units digit of 1000134042?
2
What is the millions digit of 12673986?
2
What is the ten millions digit of 24907295?
2
What is the tens digit of 566879340?
4
What is the ten thousands digit of 306473243?
7
What is the units digit of 6444810580?
0
What is the thousands digit of 72538066?
8
What is the hundred millions digit of 2831500676?
8
What is the ten thousands digit of 3573008023?
0
What is the hundred millions digit of 2043238173?
0
What is the millions digit of 1005543283?
5
What is the tens digit of 17216705?
0
What is the units digit of 70603062?
2
What is the hundreds digit of 75094251?
2
What is the thousands digit of 7222478?
2
What is the millions digit of 87322479?
7
What is the millions digit of 3585249776?
5
What is the tens digit of 25984351?
5
What is the units digit of 890578525?
5
What is the tens digit of 39453244?
4
What is the ten thousands digit of 92868351?
6
What is the tens digit of 3694518424?
2
What is the thousands digit of 61732210?
2
What is the tens digit of 3898323171?
7
What is the units digit of 99234558?
8
What is the hundred millions digit of 510240050?
5
What is the thousands digit of 10595345?
5
What is the ten thousands digit of 9049120?
4
What is the thousands digit of 39953464?
3
What is the units digit of 46718596?
6
What is the thousands digit of 3457154387?
4
What is the tens digit of 410683948?
4
What is the hundred millions digit of 108443531?
1
What is the units digit of 253726964?
4
What is the ten thousands digit of 103026059?
2
What is the units digit of 427577?
7
What is the thousands digit of 48116923?
6
What is the tens digit of 78996201?
0
What is the millions digit of 78761249?
8
What is the units digit of 2207985497?
7
What is the units digit of 512455799?
9
What is the hundreds digit of 510170648?
6
What is the hundred thousands digit of 83716326?
7
What is the units digit of 83526714?
4
What is the billions digit of 2343469258?
2
What is the hundred thousands digit of 80245455?
2
What is the millions digit of 366147991?
6
What is the thousands digit of 2792447?
2
What is the hundreds digit of 43928788?
7
What is the ten thousands digit of 49080436?
8
What is the hundreds digit of 2733056071?
0
What is the hundreds digit of 89261720?
7
What is the thousands digit of 1032048902?
8
What is the ten thousands digit of 2877329060?
2
What is the ten thousands digit of 8123802?
2
What is the tens digit of 2266729100?
0
What is the thousands digit of 2176038974?
8
What is the units digit of 61940710?
0
What is the hundred thousands digit of 352975986?
9
What is the thousands digit of 690258686?
8
What is the thousands digit of 292523681?
3
What is the hundred millions digit of 2165186981?
1
What is the thousands digit of 47438353?
8
What is the hundred thousands digit of 3306081948?
0
What is the hundred millions digit of 457956250?
4
What is the hundred millions digit of 6359778624?
3
What is the ten thousands digit of 198946257?
4
What is the ten thousands digit of 72132943?
3
What is the hundred thousands digit of 158755227?
7
What is the ten 